{"id":16,"date":"2024-07-25T09:14:38","date_gmt":"2024-07-25T07:14:38","guid":{"rendered":"https:\/\/ispeakenglish.org\/?page_id=16"},"modified":"2026-02-25T13:33:06","modified_gmt":"2026-02-25T12:33:06","slug":"accueil","status":"publish","type":"page","link":"https:\/\/ispeakenglish.org\/","title":{"rendered":"Accueil"},"content":{"rendered":"\t\t<div data-elementor-type=\"wp-page\" data-elementor-id=\"16\" class=\"elementor elementor-16\">\n\t\t\t\t<div class=\"elementor-element elementor-element-7f884e0 e-flex e-con-boxed elementor-invisible e-con e-parent\" data-id=\"7f884e0\" data-element_type=\"container\" data-e-type=\"container\" data-settings=\"{&quot;animation&quot;:&quot;zoomIn&quot;}\">\n\t\t\t\t\t<div class=\"e-con-inner\">\n\t\t\t\t<div class=\"elementor-element elementor-element-cafab3e elementor-widget elementor-widget-heading\" data-id=\"cafab3e\" data-element_type=\"widget\" data-e-type=\"widget\" data-widget_type=\"heading.default\">\n\t\t\t\t<div class=\"elementor-widget-container\">\n\t\t\t\t\t<h2 class=\"elementor-heading-title elementor-size-default\">Organisme de formation en anglais tous publics et tous niveaux - enseignants de langue maternelle anglaise<\/h2>\t\t\t\t<\/div>\n\t\t\t\t<\/div>\n\t\t\t\t<div class=\"elementor-element elementor-element-b6c170c elementor-align-center elementor-widget elementor-widget-button\" data-id=\"b6c170c\" data-element_type=\"widget\" data-e-type=\"widget\" data-widget_type=\"button.default\">\n\t\t\t\t<div class=\"elementor-widget-container\">\n\t\t\t\t\t\t\t\t\t<div class=\"elementor-button-wrapper\">\n\t\t\t\t\t<a class=\"elementor-button elementor-button-link elementor-size-sm\" href=\"https:\/\/ispeakenglish.org\/?page_id=20\">\n\t\t\t\t\t\t<span class=\"elementor-button-content-wrapper\">\n\t\t\t\t\t\t\t\t\t<span class=\"elementor-button-text\">Les cours<\/span>\n\t\t\t\t\t<\/span>\n\t\t\t\t\t<\/a>\n\t\t\t\t<\/div>\n\t\t\t\t\t\t\t\t<\/div>\n\t\t\t\t<\/div>\n\t\t\t\t\t<\/div>\n\t\t\t\t<\/div>\n\t\t<div class=\"elementor-element elementor-element-1dc935b e-flex e-con-boxed e-con e-parent\" data-id=\"1dc935b\" data-element_type=\"container\" data-e-type=\"container\">\n\t\t\t\t\t<div class=\"e-con-inner\">\n\t\t<div class=\"elementor-element elementor-element-e510502 e-con-full e-flex e-con e-child\" data-id=\"e510502\" data-element_type=\"container\" data-e-type=\"container\">\n\t\t\t\t<div class=\"elementor-element elementor-element-2c8bd8b elementor-widget elementor-widget-text-editor\" data-id=\"2c8bd8b\" data-element_type=\"widget\" data-e-type=\"widget\" data-widget_type=\"text-editor.default\">\n\t\t\t\t<div class=\"elementor-widget-container\">\n\t\t\t\t\t\t\t\t\t<p><img decoding=\"async\" class=\" wp-image-96 aligncenter\" src=\"https:\/\/ispeakenglish.org\/wp-content\/uploads\/2024\/07\/Icone-bonhomme-300x300.png\" alt=\"\" width=\"56\" height=\"56\" srcset=\"https:\/\/ispeakenglish.org\/wp-content\/uploads\/2024\/07\/Icone-bonhomme-300x300.png 300w, https:\/\/ispeakenglish.org\/wp-content\/uploads\/2024\/07\/Icone-bonhomme-1024x1024.png 1024w, https:\/\/ispeakenglish.org\/wp-content\/uploads\/2024\/07\/Icone-bonhomme-150x150.png 150w, https:\/\/ispeakenglish.org\/wp-content\/uploads\/2024\/07\/Icone-bonhomme-768x768.png 768w, https:\/\/ispeakenglish.org\/wp-content\/uploads\/2024\/07\/Icone-bonhomme-1536x1536.png 1536w, https:\/\/ispeakenglish.org\/wp-content\/uploads\/2024\/07\/Icone-bonhomme-2048x2048.png 2048w\" sizes=\"(max-width: 56px) 100vw, 56px\" \/><\/p><h5>Enfants 4 \u00e0 11 ans<\/h5><p>Donnez un coup de pouce \u00e0 votre enfant afin qu&rsquo;il int\u00e8gre le secondaire en s\u00e9r\u00e9nit\u00e9.<\/p><p>Nos enseignants s\u2019adressent \u00e0 vos enfants en anglais d\u00e8s les premiers cours n\u2019ayant recours au fran\u00e7ais que pour \u00e9claircir les consignes, ou lorsque l\u2019enfant en ressent le besoin.<\/p><p>Les enfants dont le niveau le permet se verront propos\u00e9 le passage d&rsquo;un dipl\u00f4me Cambridge, reconnu partout dans le monde.<\/p>\t\t\t\t\t\t\t\t<\/div>\n\t\t\t\t<\/div>\n\t\t\t\t<div class=\"elementor-element elementor-element-8ef2c78 elementor-align-center elementor-widget elementor-widget-button\" data-id=\"8ef2c78\" data-element_type=\"widget\" data-e-type=\"widget\" data-widget_type=\"button.default\">\n\t\t\t\t<div class=\"elementor-widget-container\">\n\t\t\t\t\t\t\t\t\t<div class=\"elementor-button-wrapper\">\n\t\t\t\t\t<a class=\"elementor-button elementor-button-link elementor-size-sm\" href=\"https:\/\/ispeakenglish.org\/?page_id=22\">\n\t\t\t\t\t\t<span class=\"elementor-button-content-wrapper\">\n\t\t\t\t\t\t\t\t\t<span class=\"elementor-button-text\">En savoir plus<\/span>\n\t\t\t\t\t<\/span>\n\t\t\t\t\t<\/a>\n\t\t\t\t<\/div>\n\t\t\t\t\t\t\t\t<\/div>\n\t\t\t\t<\/div>\n\t\t\t\t<\/div>\n\t\t<div class=\"elementor-element elementor-element-d3735c5 e-con-full e-flex e-con e-child\" data-id=\"d3735c5\" data-element_type=\"container\" data-e-type=\"container\">\n\t\t\t\t<div class=\"elementor-element elementor-element-47b1aa6 elementor-widget elementor-widget-text-editor\" data-id=\"47b1aa6\" data-element_type=\"widget\" data-e-type=\"widget\" data-widget_type=\"text-editor.default\">\n\t\t\t\t<div class=\"elementor-widget-container\">\n\t\t\t\t\t\t\t\t\t<p><img decoding=\"async\" class=\" wp-image-100 aligncenter\" src=\"https:\/\/ispeakenglish.org\/wp-content\/uploads\/2024\/07\/Icone-bonhomme_2-300x300.png\" alt=\"\" width=\"68\" height=\"68\" srcset=\"https:\/\/ispeakenglish.org\/wp-content\/uploads\/2024\/07\/Icone-bonhomme_2-300x300.png 300w, https:\/\/ispeakenglish.org\/wp-content\/uploads\/2024\/07\/Icone-bonhomme_2-1024x1024.png 1024w, https:\/\/ispeakenglish.org\/wp-content\/uploads\/2024\/07\/Icone-bonhomme_2-150x150.png 150w, https:\/\/ispeakenglish.org\/wp-content\/uploads\/2024\/07\/Icone-bonhomme_2-768x768.png 768w, https:\/\/ispeakenglish.org\/wp-content\/uploads\/2024\/07\/Icone-bonhomme_2-1536x1536.png 1536w, https:\/\/ispeakenglish.org\/wp-content\/uploads\/2024\/07\/Icone-bonhomme_2-2048x2048.png 2048w\" sizes=\"(max-width: 68px) 100vw, 68px\" \/><\/p><h5>Adolescents<\/h5><p>Quelle que soit la voie choisie par votre enfant, l\u2019anglais est devenu incontournable.<\/p><p>Nous proposons des cours sur mesure adapt\u00e9s \u00e0 l\u2019\u00e2ge et au niveau de votre adolescent.<\/p>\t\t\t\t\t\t\t\t<\/div>\n\t\t\t\t<\/div>\n\t\t\t\t<div class=\"elementor-element elementor-element-422e543 elementor-align-center elementor-widget elementor-widget-button\" data-id=\"422e543\" data-element_type=\"widget\" data-e-type=\"widget\" data-widget_type=\"button.default\">\n\t\t\t\t<div class=\"elementor-widget-container\">\n\t\t\t\t\t\t\t\t\t<div class=\"elementor-button-wrapper\">\n\t\t\t\t\t<a class=\"elementor-button elementor-button-link elementor-size-sm\" href=\"https:\/\/ispeakenglish.org\/?page_id=24\">\n\t\t\t\t\t\t<span class=\"elementor-button-content-wrapper\">\n\t\t\t\t\t\t\t\t\t<span class=\"elementor-button-text\">En savoir plus<\/span>\n\t\t\t\t\t<\/span>\n\t\t\t\t\t<\/a>\n\t\t\t\t<\/div>\n\t\t\t\t\t\t\t\t<\/div>\n\t\t\t\t<\/div>\n\t\t\t\t<\/div>\n\t\t<div class=\"elementor-element elementor-element-3f789e1 e-con-full e-flex e-con e-child\" data-id=\"3f789e1\" data-element_type=\"container\" data-e-type=\"container\">\n\t\t\t\t<div class=\"elementor-element elementor-element-9e4e028 elementor-widget elementor-widget-text-editor\" data-id=\"9e4e028\" data-element_type=\"widget\" data-e-type=\"widget\" data-widget_type=\"text-editor.default\">\n\t\t\t\t<div class=\"elementor-widget-container\">\n\t\t\t\t\t\t\t\t\t<p><img decoding=\"async\" class=\" wp-image-102 aligncenter\" src=\"https:\/\/ispeakenglish.org\/wp-content\/uploads\/2024\/07\/Icone-bonhomme_3-300x300.png\" alt=\"\" width=\"74\" height=\"74\" srcset=\"https:\/\/ispeakenglish.org\/wp-content\/uploads\/2024\/07\/Icone-bonhomme_3-300x300.png 300w, https:\/\/ispeakenglish.org\/wp-content\/uploads\/2024\/07\/Icone-bonhomme_3-1024x1024.png 1024w, https:\/\/ispeakenglish.org\/wp-content\/uploads\/2024\/07\/Icone-bonhomme_3-150x150.png 150w, https:\/\/ispeakenglish.org\/wp-content\/uploads\/2024\/07\/Icone-bonhomme_3-768x768.png 768w, https:\/\/ispeakenglish.org\/wp-content\/uploads\/2024\/07\/Icone-bonhomme_3-1536x1536.png 1536w, https:\/\/ispeakenglish.org\/wp-content\/uploads\/2024\/07\/Icone-bonhomme_3-2048x2048.png 2048w\" sizes=\"(max-width: 74px) 100vw, 74px\" \/><\/p><h5>Adultes loisir<\/h5><p>Quelles que soient vos motivations que ce soit pour vous initier \u00e0 l&rsquo;anglais, \u00eatre plus \u00e0 l&rsquo;aise lors de vos voyages, ou vous perfectionner en langue anglaise, nous sommes \u00e0 votre \u00e9coute pour concevoir ensemble un programme personnel.<\/p>\t\t\t\t\t\t\t\t<\/div>\n\t\t\t\t<\/div>\n\t\t\t\t<div class=\"elementor-element elementor-element-b2561cc elementor-align-center elementor-widget elementor-widget-button\" data-id=\"b2561cc\" data-element_type=\"widget\" data-e-type=\"widget\" data-widget_type=\"button.default\">\n\t\t\t\t<div class=\"elementor-widget-container\">\n\t\t\t\t\t\t\t\t\t<div class=\"elementor-button-wrapper\">\n\t\t\t\t\t<a class=\"elementor-button elementor-button-link elementor-size-sm\" href=\"https:\/\/ispeakenglish.org\/?page_id=26\">\n\t\t\t\t\t\t<span class=\"elementor-button-content-wrapper\">\n\t\t\t\t\t\t\t\t\t<span class=\"elementor-button-text\">En savoir plus<\/span>\n\t\t\t\t\t<\/span>\n\t\t\t\t\t<\/a>\n\t\t\t\t<\/div>\n\t\t\t\t\t\t\t\t<\/div>\n\t\t\t\t<\/div>\n\t\t\t\t<\/div>\n\t\t<div class=\"elementor-element elementor-element-b9ceb8a e-con-full e-flex e-con e-child\" data-id=\"b9ceb8a\" data-element_type=\"container\" data-e-type=\"container\">\n\t\t\t\t<div class=\"elementor-element elementor-element-5a471c0 elementor-widget elementor-widget-text-editor\" data-id=\"5a471c0\" data-element_type=\"widget\" data-e-type=\"widget\" data-widget_type=\"text-editor.default\">\n\t\t\t\t<div class=\"elementor-widget-container\">\n\t\t\t\t\t\t\t\t\t<p><img loading=\"lazy\" decoding=\"async\" class=\" wp-image-104 aligncenter\" src=\"https:\/\/ispeakenglish.org\/wp-content\/uploads\/2024\/07\/Icone-malette-2-300x300.png\" alt=\"\" width=\"72\" height=\"72\" srcset=\"https:\/\/ispeakenglish.org\/wp-content\/uploads\/2024\/07\/Icone-malette-2-300x300.png 300w, https:\/\/ispeakenglish.org\/wp-content\/uploads\/2024\/07\/Icone-malette-2-1024x1024.png 1024w, https:\/\/ispeakenglish.org\/wp-content\/uploads\/2024\/07\/Icone-malette-2-150x150.png 150w, https:\/\/ispeakenglish.org\/wp-content\/uploads\/2024\/07\/Icone-malette-2-768x768.png 768w, https:\/\/ispeakenglish.org\/wp-content\/uploads\/2024\/07\/Icone-malette-2-1536x1536.png 1536w, https:\/\/ispeakenglish.org\/wp-content\/uploads\/2024\/07\/Icone-malette-2-2048x2048.png 2048w\" sizes=\"(max-width: 72px) 100vw, 72px\" \/><\/p><h5>Professionnels formation continue<\/h5><p>Nous vous proposons des formations sur mesure en langue anglaise pour tous les niveaux du d\u00e9butant au confirm\u00e9. Nos formations sont \u00e9ligibles au CPF.\u00a0 Nous vous montrerons la d\u00e9marche &#8211; tr\u00e8s simple &#8211; pour utiliser votre compte personnel de formation pour financer enti\u00e8rement votre formation.<\/p><p>N&rsquo;h\u00e9sitez pas \u00e0 nous contacter pour toute information au 05 53 47 94 59 ou contact[@]ispeakenglish.org<\/p>\t\t\t\t\t\t\t\t<\/div>\n\t\t\t\t<\/div>\n\t\t\t\t<div class=\"elementor-element elementor-element-7b52b63 elementor-align-center elementor-widget elementor-widget-button\" data-id=\"7b52b63\" data-element_type=\"widget\" data-e-type=\"widget\" data-widget_type=\"button.default\">\n\t\t\t\t<div class=\"elementor-widget-container\">\n\t\t\t\t\t\t\t\t\t<div class=\"elementor-button-wrapper\">\n\t\t\t\t\t<a class=\"elementor-button elementor-button-link elementor-size-sm\" href=\"https:\/\/ispeakenglish.org\/?page_id=31\">\n\t\t\t\t\t\t<span class=\"elementor-button-content-wrapper\">\n\t\t\t\t\t\t\t\t\t<span class=\"elementor-button-text\">En savoir plus<\/span>\n\t\t\t\t\t<\/span>\n\t\t\t\t\t<\/a>\n\t\t\t\t<\/div>\n\t\t\t\t\t\t\t\t<\/div>\n\t\t\t\t<\/div>\n\t\t\t\t<\/div>\n\t\t\t\t\t<\/div>\n\t\t\t\t<\/div>\n\t\t<div class=\"elementor-element elementor-element-4f3df20 e-con-full e-flex e-con e-parent\" data-id=\"4f3df20\" data-element_type=\"container\" data-e-type=\"container\">\n\t\t<div class=\"elementor-element elementor-element-bc809aa e-con-full e-flex e-con e-child\" data-id=\"bc809aa\" data-element_type=\"container\" data-e-type=\"container\">\n\t\t\t\t<div class=\"elementor-element elementor-element-a14a9ea elementor-widget__width-initial elementor-widget elementor-widget-image\" data-id=\"a14a9ea\" data-element_type=\"widget\" data-e-type=\"widget\" data-widget_type=\"image.default\">\n\t\t\t\t<div class=\"elementor-widget-container\">\n\t\t\t\t\t\t\t\t\t\t\t\t\t\t\t<img loading=\"lazy\" decoding=\"async\" width=\"526\" height=\"395\" src=\"https:\/\/ispeakenglish.org\/wp-content\/uploads\/2024\/07\/Devanture.jpg\" class=\"attachment-large size-large wp-image-276\" alt=\"Devanture I Speak English1\" srcset=\"https:\/\/ispeakenglish.org\/wp-content\/uploads\/2024\/07\/Devanture.jpg 526w, https:\/\/ispeakenglish.org\/wp-content\/uploads\/2024\/07\/Devanture-300x225.jpg 300w\" sizes=\"(max-width: 526px) 100vw, 526px\" \/>\t\t\t\t\t\t\t\t\t\t\t\t\t\t\t<\/div>\n\t\t\t\t<\/div>\n\t\t\t\t<\/div>\n\t\t<div class=\"elementor-element elementor-element-677eaf2 e-con-full e-flex e-con e-child\" data-id=\"677eaf2\" data-element_type=\"container\" data-e-type=\"container\">\n\t\t\t\t<div class=\"elementor-element elementor-element-5ec029a elementor-widget elementor-widget-heading\" data-id=\"5ec029a\" data-element_type=\"widget\" data-e-type=\"widget\" data-widget_type=\"heading.default\">\n\t\t\t\t<div class=\"elementor-widget-container\">\n\t\t\t\t\t<h2 class=\"elementor-heading-title elementor-size-default\">Bienvenue \u00e0 \"I Speak English\"<\/h2>\t\t\t\t<\/div>\n\t\t\t\t<\/div>\n\t\t\t\t<div class=\"elementor-element elementor-element-b3c8389 elementor-widget elementor-widget-text-editor\" data-id=\"b3c8389\" data-element_type=\"widget\" data-e-type=\"widget\" data-widget_type=\"text-editor.default\">\n\t\t\t\t<div class=\"elementor-widget-container\">\n\t\t\t\t\t\t\t\t\t<p>Formations en anglais tous publics et tous niveaux &#8211; Enseignants de langue maternelle anglaise. Service de traduction anglais\/fran\u00e7ais: devis sur demande \u00e9crite \u00e0 contact[@]ispeakenglish.org.<\/p><p>Notre mission: vous r\u00e9concilier avec l&rsquo;anglais! Vous \u00eates d\u00e9butant? On vous apprend! Vous \u00eates pr\u00e9-interm\u00e9diaire? On vous perfectionne!<br \/>Vous \u00eates confirm\u00e9? On vous propose des discussions, des Tea Times avec des anglophones, des jeux de soci\u00e9t\u00e9, etc&#8230;<\/p><p>Pour le loisir, le plaisir ou le travail gr\u00e2ce au CPF, I SPEAK ENGLISH r\u00e9pond \u00e0 tous vos besoins.<\/p><p>I SPEAK ENGLISH est centre de pr\u00e9paration aux dipl\u00f4mes de Cambridge et TOEIC.<\/p>\t\t\t\t\t\t\t\t<\/div>\n\t\t\t\t<\/div>\n\t\t\t\t<\/div>\n\t\t\t\t<\/div>\n\t\t<div class=\"elementor-element elementor-element-adefcbd e-flex e-con-boxed e-con e-parent\" data-id=\"adefcbd\" data-element_type=\"container\" data-e-type=\"container\">\n\t\t\t\t\t<div class=\"e-con-inner\">\n\t\t<div class=\"elementor-element elementor-element-15bace0 e-con-full e-flex e-con e-child\" data-id=\"15bace0\" data-element_type=\"container\" data-e-type=\"container\">\n\t\t\t\t<div class=\"elementor-element elementor-element-d3e12e7 elementor-widget elementor-widget-heading\" data-id=\"d3e12e7\" data-element_type=\"widget\" data-e-type=\"widget\" data-widget_type=\"heading.default\">\n\t\t\t\t<div class=\"elementor-widget-container\">\n\t\t\t\t\t<h4 class=\"elementor-heading-title elementor-size-default\">I Speak English est certifi\u00e9<\/h4>\t\t\t\t<\/div>\n\t\t\t\t<\/div>\n\t\t\t\t<div class=\"elementor-element elementor-element-4f6f76f elementor-widget elementor-widget-image\" data-id=\"4f6f76f\" data-element_type=\"widget\" data-e-type=\"widget\" data-widget_type=\"image.default\">\n\t\t\t\t<div class=\"elementor-widget-container\">\n\t\t\t\t\t\t\t\t\t\t\t\t\t\t\t<img loading=\"lazy\" decoding=\"async\" width=\"631\" height=\"240\" src=\"https:\/\/ispeakenglish.org\/wp-content\/uploads\/2024\/07\/qualiopi-logo.png\" class=\"attachment-large size-large wp-image-119\" alt=\"Logo Qualiopi\" srcset=\"https:\/\/ispeakenglish.org\/wp-content\/uploads\/2024\/07\/qualiopi-logo.png 631w, https:\/\/ispeakenglish.org\/wp-content\/uploads\/2024\/07\/qualiopi-logo-300x114.png 300w\" sizes=\"(max-width: 631px) 100vw, 631px\" \/>\t\t\t\t\t\t\t\t\t\t\t\t\t\t\t<\/div>\n\t\t\t\t<\/div>\n\t\t\t\t<\/div>\n\t\t<div class=\"elementor-element elementor-element-dd8c66c e-con-full e-flex e-con e-child\" data-id=\"dd8c66c\" data-element_type=\"container\" data-e-type=\"container\">\n\t\t\t\t<div class=\"elementor-element elementor-element-c1c0484 elementor-widget elementor-widget-heading\" data-id=\"c1c0484\" data-element_type=\"widget\" data-e-type=\"widget\" data-widget_type=\"heading.default\">\n\t\t\t\t<div class=\"elementor-widget-container\">\n\t\t\t\t\t<h4 class=\"elementor-heading-title elementor-size-default\">Et partenaire de <\/h4>\t\t\t\t<\/div>\n\t\t\t\t<\/div>\n\t\t\t\t<div class=\"elementor-element elementor-element-31de20a elementor-widget elementor-widget-image\" data-id=\"31de20a\" data-element_type=\"widget\" data-e-type=\"widget\" data-widget_type=\"image.default\">\n\t\t\t\t<div class=\"elementor-widget-container\">\n\t\t\t\t\t\t\t\t\t\t\t\t\t\t\t<img loading=\"lazy\" decoding=\"async\" width=\"405\" height=\"180\" src=\"https:\/\/ispeakenglish.org\/wp-content\/uploads\/2024\/07\/logo-toeic-authorised-test-center.jpg\" class=\"attachment-large size-large wp-image-120\" alt=\"Logo TOEIC\" srcset=\"https:\/\/ispeakenglish.org\/wp-content\/uploads\/2024\/07\/logo-toeic-authorised-test-center.jpg 405w, https:\/\/ispeakenglish.org\/wp-content\/uploads\/2024\/07\/logo-toeic-authorised-test-center-300x133.jpg 300w\" sizes=\"(max-width: 405px) 100vw, 405px\" \/>\t\t\t\t\t\t\t\t\t\t\t\t\t\t\t<\/div>\n\t\t\t\t<\/div>\n\t\t\t\t<\/div>\n\t\t\t\t\t<\/div>\n\t\t\t\t<\/div>\n\t\t\t\t<\/div>\n\t\t","protected":false},"excerpt":{"rendered":"<p>Organisme de formation en anglais tous publics et tous niveaux &#8211; enseignants de langue maternelle anglaise Les cours Enfants 4 \u00e0 11 ans Donnez un coup de pouce \u00e0 votre enfant afin qu&rsquo;il int\u00e8gre le secondaire en s\u00e9r\u00e9nit\u00e9. Nos enseignants s\u2019adressent \u00e0 vos enfants en anglais d\u00e8s les premiers cours n\u2019ayant recours au fran\u00e7ais que [&hellip;]<\/p>\n","protected":false},"author":1,"featured_media":0,"parent":0,"menu_order":0,"comment_status":"closed","ping_status":"closed","template":"","meta":{"om_disable_all_campaigns":false,"_monsterinsights_skip_tracking":false,"_monsterinsights_sitenote_active":false,"_monsterinsights_sitenote_note":"","_monsterinsights_sitenote_category":0,"footnotes":""},"class_list":["post-16","page","type-page","status-publish","hentry"],"aioseo_notices":[],"_links":{"self":[{"href":"https:\/\/ispeakenglish.org\/index.php?rest_route=\/wp\/v2\/pages\/16","targetHints":{"allow":["GET"]}}],"collection":[{"href":"https:\/\/ispeakenglish.org\/index.php?rest_route=\/wp\/v2\/pages"}],"about":[{"href":"https:\/\/ispeakenglish.org\/index.php?rest_route=\/wp\/v2\/types\/page"}],"author":[{"embeddable":true,"href":"https:\/\/ispeakenglish.org\/index.php?rest_route=\/wp\/v2\/users\/1"}],"replies":[{"embeddable":true,"href":"https:\/\/ispeakenglish.org\/index.php?rest_route=%2Fwp%2Fv2%2Fcomments&post=16"}],"version-history":[{"count":70,"href":"https:\/\/ispeakenglish.org\/index.php?rest_route=\/wp\/v2\/pages\/16\/revisions"}],"predecessor-version":[{"id":362,"href":"https:\/\/ispeakenglish.org\/index.php?rest_route=\/wp\/v2\/pages\/16\/revisions\/362"}],"wp:attachment":[{"href":"https:\/\/ispeakenglish.org\/index.php?rest_route=%2Fwp%2Fv2%2Fmedia&parent=16"}],"curies":[{"name":"wp","href":"https:\/\/api.w.org\/{rel}","templated":true}]}}